-13 + 8 - 1) + -13 + -2
-21
-5 - (26 + -29) - (3 + -3 + 10)
-12
Calculate 38 + -22 - -14 - 51.
-21
Evaluate 23 + (-9 + (-10 - (-9 + -4)) - -10).
27
-23 + -7 + (7 - 12) - -15
-20
-977 + 961 - (1 - 52)
35
Calculate (7 - 4) + 5 + (-2 - 10) + 8.
4
What is the value of 3 + -14 + 33 + (-10 - 1)?
11
Evaluate -12 + -11 + (-4 - -25) + 3.
1
Evaluate 16 + (6 - (9 + 4)) + -6.
3
What is the value of (19 - (5 + 4)) + 3 - 30?
-17
Calculate -2 - (2 + -13 + 12).
-3
What is 37 - 24 - 28 - -3?
-12
What is the value of (6 - (-5 + 8)) + (-5 - (-3 + 9))?
-8
Calculate -4 + -16 + 2 + 24.
6
What is -4 + -16 + (16 - 11) + 0 - 7?
-22
Evaluate -29 - -12 - -11 - 7.
-13
What is -2 - (24 - (13 - -26))?
13
Calculate 12 + 1 - (97 + (56 - 127)).
-13
Evaluate (-23 - 0) + -595 + 582.
-36
What is the value of 5 + (9 - 7) - (10 + -11)?
8
Calculate -3 - (5 - 0 - (7 + -9 - -9)).
-1
Calculate 21 + (10 - (1 - 11 - -27)).
14
-42 + (5 - (6 + 2 + 6) - -12)
-39
-2 + 0 - -1 - (-202 + 203)
-2
Calculate -19 + -11 + 13 + 10.
-7
Calculate -34 + 16 + 32 - (-2 + 3 + -5).
18
What is (-28 - 5) + 11 + -14 + 11?
-25
Evaluate (-20 + 9 - -42 - 8) + -7.
16
What is the value of (13 + -28 - -13) + (4 - 1) - 5?
-4
What is the value of -3 + 2 + 34 + -40 + 22?
15
-13 + 6 + 0 + -3
-10
-5 + 17 + -10 + 19 + -23
-2
What is the value of 3 - (13 - -1 - (-4 + 12))?
-3
What is -7 + 9 + (-2 - 3) + -1?
-4
Calculate 7 + (-2 - (-8 + -1 - -3)).
11
13 - ((7 - -9) + -4)
1
What is 119 + -135 + 20 + -8?
-4
Calculate (-28 - -11) + 17 + -2.
-2
Calculate 0 + (0 - 1) + 2 - (-1016 + 1038).
-21
What is the value of 3 - (-14 + 25 + -23 + -5)?
20
What is the value of -9 + (0 + 9 - 13) + 3?
-10
Evaluate 3 - -1 - (3 + 12 + -9).
-2
Calculate (0 - -2) + (-24 - (-46 + 22)).
2
7 - (31 - (11 - -13))
0
(-4 - 17 - -4) + 5
-12
Calculate (-1 - 2) + 3 + 1 + 7.
8
Evaluate (-16 - 10) + (2 - (-5 - 1)).
-18
What is the value of 2 + -3 + -11 + 17?
5
Evaluate 6 + (-20 - 16) + 15 - 19.
-34
What is the value of -2 + 11 - (-9 + 1 - (-6 - 18))?
-7
9 - (11 + -9) - -1
8
What is the value of -1 + 1 - (17 + (9 - 28))?
2
Calculate 3 - 31 - (66 - 77).
-17
What is the value of (-44 + 66 - 19) + (-1 - -3)?
5
Calculate -1 - (13 - 11 - (-2 + (4 - 1))).
-2
What is the value of (7 - 36) + -7 + (54 - 47)?
-29
Calculate -1 - ((-21 - -4) + 6 + 6 - -9).
-5
What is the value of 6 - (37 - 18 - 8)?
-5
What is (0 - 1) + -36 + 58 + -27?
-6
(-21 - -3) + 94 + -94
-18
What is the value of 0 + 13 - (168 + -150)?
-5
(0 - 12) + 15 - (7 + 1) - 5
-10
What is the value of 1 + -15 - (-2 + (-4 + 5 - 5))?
-8
What is (47 - 37) + 3 + -15?
-2
-6 - 10 - (-26 + -8 - -2)
16
Evaluate -11 + (1 - 1 - 11) + 10 + 0.
-12
What is 7 - (5 + (-12 - 6) + 6 + 1)?
13
What is the value of 2 - (1 + (-9 - -22))?
-12
Calculate -22 - (10 - (11 - -7 - (0 - -5))).
-19
Evaluate -4 - ((-21 - 2) + 3).
16
What is the value of 0 + -6 - (1 + -30 + 5 - -4)?
14
-5 - (-20 + (-11 - (-8 + -15)) + -5)
8
What is the value of 610 + -667 + (39 - 2)?
-20
What is the value of 8 + (37 - 29 - (-1 + 23))?
-6
Evaluate -4 - (-6 - (12 - 31)) - (-2 + -5).
-10
Calculate -15 + (-3 + 18 - -4).
4
What is -1 - (1 + 1) - (20 + -8 + -8)?
-7
What is -10 + (-1 - -1 - -1) + -55 + 53?
-11
What is the value of -5 - (-1 - -2) - (-241 - -223)?
12
Calculate (32 - (20 - -5)) + 5.
12
What is 11 + -2 + -6 + -13 + 15?
5
Evaluate (0 - 2) + -5 - ((-33 - -72) + -39).
-7
What is the value of -2 - -2 - -6 - (35 - 24)?
-5
What is the value of 132 + -131 + 8 + (-1 - -2)?
10
Calculate 249 + -237 + 1 + -3.
10
Calculate 8 - (42 - 26) - 5.
-13
What is 1 + -2 + (37 - 23) + 2?
15
What is the value of -1 + -4 + -1 + 13 + -8 + -10?
-11
What is -3 - -14 - (-16 + 16 + -3)?
14
Evaluate (-23 - -32 - 9) + -20.
-20
What is (-153 - -140) + -15 + (1 - -1)?
-26
What is 10 + 0 - (-12 + 21 - -17)?
-16
Calculate 8 - (1 + -4 + (17 - 11)).
5
Calculate 0 - 14 - (1 - (-11 + 17)).
-9
What is (-96 - -95) + (0 - 16)?
-17
What is (-60 - (-42 - -38)) + 32?
-24
What is -9 + -17 + 3 + 38?
15
What is (7 - 18) + (5 - 10) + 5 + 1?
-10
-10 - (10 - 15) - -10
5
What is 7 - -9 - 3 - (-11 - -5 - -3)?
16
Evaluate 27 + -22 - (-7 + -21 + (6 - -1)).
26
What is (-5 - (3 + -13)) + -4 + (8 - 4)?
5
Evaluate 3 + 3 - (9 + (2 + 3 - 9)).
1
Calculate -1 - (-4 + 4 + -3 + 7 + -7).
2
What is the value of (22 + -20 - (-7 - -6)) + -21?
-18
Calculate -266 + 283 - (1 - -12).
4
Calculate 0 + 25 - (50 + -16).
-9
Evaluate 1 - -10 - (3 - (5 + -25)).
-12
What is the value of 4 - (0 - (9 - 1)) - 1?
11
Evaluate (4 - (-5 + 8 + -6 + -1)) + 16.
24
Calculate 3 + (10 - (19 + -18)) + (-1 - 2).
9
What is 22 + -18 - (-10 + 9)?
5
Evaluate 0 + -19 - (-6 + (24 - 6)).
-31
What is the value of 1 - 4 - (16 + (-9 - 2) + -20)?
12
What is the value of -24 + (-9 - -35) - (-2 - -2)?
2
Evaluate -633 + 649 - (11 + -1 + -1).
7
What is 118 + -116 + 7 + -4 + 10?
15
What is -13 + 2 + (-33 - -26)?
-18
Evaluate 5 - (11 + -1 - (7 + -22 + 16)).
-4
28 + 4 + -2 + -21
9
Calculate -16 + 2 + 0 + 35.
21
Evaluate 8 - 3 - (2 - (-6 - -6)).
3
Calculate -22 + 0 + (687 - 664).
1
What is the value of (2 - 12 - 0) + (21 - 14)?
-3
-12 + 0 - (1 + -14 + 13 - -7)
-19
Evaluate -16 + 29 + 5 + (-1 - 4).
13
Calculate 5 + -6 + -21 + 34.
12
What is the value of -14 + (20 - 10) + 1?
-3
Evaluate -14 + -3 + (34 - 23).
-6
What is the value of -212 + 205 - (0 + -25)?
18
Evaluate 16 + -15 + 11 + -1 + -13.
-2
-1 - (-2 - (6 - 14))
-7
Evaluate -31 + 17 - (-27 + 2) - 9.
2
-1 - (1 + -3 + (1 - -5))
-5
What is -15 + 4 + 21 + -10?
0
Evaluate -10 + -17 + 15 + -2.
-14
Evaluate 1 + 3 + 10 + -28 + (4 - 20).
-30
Evaluate 1 + 29 + (274 - 278) + -8.
18
What is the value of -1 - -11 - 0 - 2 - (4 + 4)?
0
Evaluate 8 + -3 + -6 + -5 - (12 - 11).
-7
Calculate -5 + 6 - 10 - (68 + -69).
-8
Evaluate 5 - -6 - (-8 - -22).
-3
Calculate ((-6 - -2) + 3 - 30) + 8.
-23
What is the value of -3 + (-8 - (-11 + 15))?
-15
What is the value of -35 + 14 + 52 - -6?
37
-17 - ((2 - (8 - (-1 - -4))) + -5)
-9
(-8 + -13 - -7) + 4 + -11
-21
Evaluate (-2 - 1) + 11 + (14 - 40) + 20.
2
18 + (-66 - -78) + (-2 - 6)
22
Evaluate -81 + 55 - (-56 + 7).
23
Evaluate 26 - ((4 - -9) + 19).
-6
What is -6 - -19 - 10 - (10 - -1)?
-8
Calculate 13 - (10 + 21 + -4).
-14
Calculate (-45 - -55) + (1 + -21 - -2) - -9.
1
Evaluate -10 + 50 - (-42 + 56).
26
What is -35 - (-21 - (16 + -15))?
-13
Evaluate -1 - (-3 + -8) - (18 + -17).
9
Evaluate -5 + (31 + 6 - 15).
17
Evaluate (-7 - -22) + -25 + (-3 + -3 - 1).
-17
(27 - -3) + -2 + -12 + (-88 - -100)
28
Calculate -13 - -25 - (8 + -14).
18
What is the value of (-6 - -18) + (-30 - -9)?
-9
11 - ((16 - 27) + 6)
16
What is 0 + 13 + 50 + -62?
1
(-7 - -2) + -6 + (2 - 7)
-16
Calculate 30 + 5 - 8 - (16 - (27 - 3)).
35
What is (13 - (48 - 14)) + 12?
-9
Evaluate -57 + 57 + (-9 + -1 - 1).
-11
What is 18 + 14 + -27 + -17?
-12
What is 0 + 12 + -12 + 0 + -4 + 8?
4
Calculate 6 + 0 + 15 + -24.
-3
What is the value of -27 + 18 + (-2 - -3 - -2) + 3?
-3
Calculate (3863 - 3845) + (12 - (1 + 0)) - 3.
26
-3 - (-42 - (8 - 19))
28
What is 19 - (2 - ((-8 - -10) + 1 - 7))?
13
(-3 - -7) + -1 + 1
4
Evaluate 9 + (5 - (-21 + 17 - (-4 - -1))).
15
What is 16 - (16 + (7 - -4))?
-11
What is 1 + 9 - 0 - 9?
1
Calculate -12 + 1 + (8 - 12) + 22.
7
What is 46 + (-31 - -9) + 11?
35
Calculate 20 - -2 - (25 + -44 + 22).
19
What is the value of 19 + -7 + -15 + 14?
11
Evaluate -3 + (-3 - -9 - 2).
1
What is (-2 - 25) + -9 + 50 + -31?
-17
(5 + -11 + 8 + -5 - 1) + 6
2
Evaluate 9 + (7 - (9 + -2 - 1)).
10
Calculate (3 + -7 + 3 - (26 + -28)) + 5.
6
(28 - 7) + 15 + -26 + 2 + 9
21
What is -2743 + 2740 + (14 - 0)?
11
What is -251 + 273 - (1 - -13)?
8
Evaluate (-15 - -18) + (-1 - ((-1 - 8) + 3)).
8
Calculate -1 + 0 + (-40 - -32) + -15.
-24
11 - (40 - 19) - (0 - 44) - 10
24
-15 - ((-1 - 6 - 1) + 0)
-7
What is 3 - (19 + (-6 - (11 - 8)))?
-7
(6 - 0) + 1 + -5 + 1 + 5
8
Calculate -3 + ((-13 - -1) + -74 + 81 - 0).
-8
Evaluate -9 - (-4 + -3 + -6).
4
What is -11 - (2 + (1 - -3 - 0) - 5)?
-12
What is the value of 17 - (-11 + (-2 - -2) + -7)?
35
-15 - (0 - 6 - -2) - -4
-7
What is (15 - (-6 + (6 - -12))) + (-1 - -12)?
14
What is 23 - 17 - (-1 + 1) - (9 - -8)?
-11
Evaluate 10 - 1 - (16 + -9 + (17 - 24)).
9
What is (-4 - -4) + (19 - 6) + -6?
7
What is (9 - (5 - -2)) + -10?
-8
Evaluate (-4 - 3) + (8 - -22 - -2).
25
What is 30 + (7 - 53 - -24) + 9 + 0?
17
Evaluate 3 + -